erivative of -r**4/4 - 4*r**3/3 - r**2 - 2*r + 162. Let f(s) = -2*s + 7. Let g be f(5). Determine k(g).
-5
Suppose 16 - 4 = 4*d. Let s(a) be the second derivative of -1/6*a**d + 2*a + 0*a**4 + 1/2*a**2 - 1/4*a**5 + 0. Calculate s(1).
-5
Suppose 0 = -35*a + 11*a - 48. Let u(c) = -c**3 - c + 2. Determine u(a).
12
Let g = 34 + -15. Suppose m - 4*r - 22 = -0*m, -g = 3*m + 5*r. Suppose -2*v = m*i + 2*v - 18, -3*v - 14 = -4*i. Let d(o) = o**2 - 6*o + 5. Give d(i).
0
Let o(s) = 67*s**2 + s - 1. Let v be o(-1). Let n = 64 - v. Let t(z) = -4*z**3 + z + 1. What is t(n)?
4
Let y(r) be the third derivative of 1/3*r**3 + 1/24*r**4 - r**2 + 0*r + 0. Let t be (9/15)/((-9)/(-30)) - -1. Determine y(t).
5
Let g(a) = -a**3 + 8*a + 7. Let i be 36/(-20) - 24/(-200)*-10. Give g(i).
10
Let j = -61 - -63. Let m(d) = -d**3 - 92*d + 176*d - 88*d - j + 6*d**2. Determine m(5).
3
Let u(b) be the second derivative of b**3/6 + 11*b**2/2 + 87*b. Give u(-8).
3
Let m(x) = -x**2 + 6*x - 3. Let q(w) = -w**2 - 8*w - 4. Let d be q(-6). Suppose -4*c + 24 - d = 0. What is m(c)?
5
Let k(w) = w**3 - 10*w**2 + w - 3. Let d(u) = u**2 - 1. Let l(h) = 2*d(h) + k(h). Determine l(8).
3
Let q(h) = -3*h**2 - h + 4. Let a(l) = 3*l**2 - 5. Let s(u) = 3*a(u) + 4*q(u). Suppose 0 - 12 = 4*w. Calculate s(w).
-14
Let o(a) = 5. Let i(p) = -p**2 + 4*p - 1. Let w be i(4). Let h(x) = x. Let n(s) = w*h(s) - o(s). Suppose j + t = 9, 26 = -7*j + 11*j + 2*t. Calculate n(j).
-9
Let j(q) = 22*q - 101 + 40 - 7*q + 36 + q**2 + 32. Calculate j(-14).
-7
Let y(p) be the second derivative of 5/3*p**3 + 5/12*p**4 - 7/2*p**2 + 13*p - 1/20*p**5 + 0. What is y(6)?
17
Let f(q) be the second derivative of -q**6/72 - q**5/30 - q**4/12 + q**3/6 + 17*q. Let c(v) be the second derivative of f(v). Give c(-2).
-14
Suppose -s = -5 + 8. Let i(v) = -2*v - v - 30 - 25 + 0*v**2 - v**2 + 56. What is i(s)?
1
Let j(v) = -v**2 - 11*v - 7. Let r be j(-10). Suppose r*i - 6 = i. Let p(q) be the first derivative of -q**2 - 2*q + 1. Give p(i).
-8
Suppose 0*z = 5*z - 20. Let a(h) = -h + z*h + 3 - 3*h + h. Give a(-5).
-2
Let o(n) = -9*n - n + 19*n - 8*n. What is o(4)?
4
Suppose 6 = -6*r + 24. Let t(p) = 9*p**3 + 1 + 11*p**3 - 21*p**r - 4*p**2. What is t(-4)?
1
Let h(x) = -x + 76. Let o be h(72). Suppose 4*y + 12 = 5*b - 5, 5*b = -4*y - 7. Let m(g) = g**2 + 4 - 8*g + 2*g - b. What is m(o)?
-5
Let b(l) be the first derivative of l**3/3 + l**2/2 - 2*l + 67. Give b(1).
0
Let h(i) = -4*i**2 - 1. Let l = -16 + 28. Let f = l - 13. Let s be h(f). Let y(o) = -o**2 - 6*o - 6. What is y(s)?
-1
Let c = 195 + -191. Let h(b) = -b**3 + 2*b**2 + 4*b + 3. What is h(c)?
-13
Let r(s) = s**2 + 1. Let i be r(-3). Let y be 4/i - 108/20. Let k(c) = c + 7. Let o(u) = -2*u - 7. Let g(l) = 3*k(l) + 2*o(l). Determine g(y).
12
Let v(c) = c + 1. Let s be 2/(-7) + (-4170)/105. Let m = 45 + s. What is v(m)?
6
Let q(v) = v**2 + v - 3. Suppose -2*l - 26 = -5*r + 19, 0 = 5*l + r + 72. Let o be ((-44)/8*-2)/1. Let y = l + o. What is q(y)?
9
Let o(s) = -5*s**2 + 4*s + 68. Let t(j) = -j**2 - j + 10. Let i(p) = o(p) - 6*t(p). What is i(-10)?
8
Let a(d) = 57*d**2 - 1 - 50*d**2 + 5*d + d + d**3. Let p be a(-6). Let u(i) = -i**2 + i. What is u(p)?
-2
Let n be 13/4 - (-1)/(-4). Suppose n*b + 0 = -3. Let y(x) = 3*x**2 + 2*x + 1. Calculate y(b).
2
Let p(k) = k**3 - 6*k**2 - k - 1. Suppose 4*y = -3*i + 22, i - y - 4 - 1 = 0. What is p(i)?
-7
Suppose 12*t + 63 = 51. Let w(u) = -3*u + 1. Give w(t).
4
Let f = 15231 - 15238. Let o(g) = -g**3 - 6*g**2 + 2*g - 4. Let p(l) = l**2 + l. Let d(a) = -o(a) + p(a). Give d(f).
11
Let a(v) = -v**2 - 5*v - 3. Let n(h) = -2*h + 43. Let p be n(20). Suppose p*o + 2*l - 4*l + 3 = 0, -o = -3*l - 6. Determine a(o).
3
Let d(t) be the second derivative of 4*t**3/3 - 17*t**2/2 + 239*t. Calculate d(5).
23
Let g(n) = n**3 - 6*n**2 - 4. Let x = 12 - 10. Let q be (0 + 3)*x/1. Give g(q).
-4
Suppose 2*o = 3*o - 3. Let s(g) = -g + 2 + o*g - 4*g. Give s(5).
-8
Let o(w) = -2*w**2 + 11*w + 21. Let x be (1/(-2))/(4/(-88)). Let j(z) = -4*z**2 - 5*z + 1 + 5*z**2 - x. Let q(v) = -13*j(v) - 6*o(v). Calculate q(-3).
-2
Let p be -10*((-5)/(-10) - 0). Let c(m) = m**2 - 5*m + 9. Let s be (4/12)/(2/(-12)). Let i(o) = 6*o**2 - 25*o + 46. Let h(d) = s*i(d) + 11*c(d). Calculate h(p).
7
Let b(r) = -2*r + 6 + 30*r**2 - 29*r**2 + 6*r. Suppose 4*j + 3*u + 29 = -0*j, 9 = -3*u. Determine b(j).
11
Suppose 4*b - b + 5*g + 15 = 0, 0 = -5*b - 3*g - 9. Let z(n) = -n**2 - 2*n - 5. What is z(b)?
-5
Let p(l) be the first derivative of -l**2 - 5 - 1/4*l**4 - l + 1/3*l**3. Determine p(-2).
15
Let s(u) = 100*u**3 + 4 + 134*u**3 - 235*u**3 + 5*u**2. Calculate s(5).
4
Let b(x) = x**2 - 9*x - 8. Let v be b(10). Suppose 4*s - v = -22. Let r(t) = t + 1 + 0*t**2 - t**2 - 6*t - 7. Determine r(s).
-6
Let w(a) = -a**3 - 8*a**2 - 7*a - 2. Let i be (-35*(-7)/105)/(2/(-6)). Give w(i).
-2
Let j(z) = -z + 11. Let h be j(8). Suppose -5*x - 9 = -3*a - 2*x, h*x - 33 = -4*a. Let n(i) = i - 7. Give n(a).
-1
Let v(m) = m**3 - 3*m**2 - 2*m + 1. Let g(u) = 2*u**3 - 6*u**2 - 5*u + 3. Let y(o) = 4*g(o) - 7*v(o). Suppose -4*b + 16 = -0*b. What is y(b)?
-3
Let l(s) = s**3 + 16*s**2 + 14*s - 14. Let d = 834 + -849. Determine l(d).
1
Suppose -10 = -5*i + 45. Let c = -307 + 312. Suppose 2*j + i = c. Let o(d) = d + 2. Give o(j).
-1
Suppose 2*f - c = 5, -5*f = -0*f + 4*c - 6. Suppose 5*z = -0*x + 4*x - 17, -3*z = -f*x + 11. Let l(d) = -d**2 - d + 1. Determine l(z).
-19
Let v(i) = -i**3 + 5. Suppose 2*l - 5*l = -12, o + 3 = 2*l. Suppose 5*p - 25 = -2*r, 0 = -o*r + 3*r - p + 5. Give v(r).
5
Let u(q) = -4*q - 5. Let l(f) = f + 12. Let h be 6/24 + 100/(-16). Let z be l(h). Let c(w) = w**2 - 7*w + 2. Let o be c(z). What is u(o)?
11
Suppose 30*t - 25*t + 8 = -2*c, 3*c = 3*t - 12. Let a(l) be the second derivative of -1/6*l**3 + 3*l**2 - 6*l + t. What is a(4)?
2
Suppose 11*h - 7*h + 24 = 0. Let x(p) = -39*p + 1. Let s(c) = -30*c + 1. Let z(i) = -9*s(i) + 7*x(i). Determine z(h).
16
Let d(o) = 7*o + 4*o**2 - 3 - o - 2*o**2 + 7*o**2 + o**3. Give d(-8).
13
Let k(n) = -132*n - 130*n - 2*n**2 + 253*n - 1. Determine k(-7).
-36
Let m(j) = -j**2 + 4*j - 2. Let b(w) = w**3 - 9*w**2 + w - 2. Let l be b(9). Let s be (-2)/7 + 44/l. What is m(s)?
-14
Let o = -23 + 47/2. Let y(k) be the second derivative of 0 + o*k**3 - k**2 + 3*k. What is y(3)?
7
Suppose 4*l + 3*s + 32 = 0, -l + 0*s + 9 = 5*s. Let k = l + 14. Let j(h) = k*h**2 - 10 + 7 - 2*h**2. What is j(0)?
-3
Let b(d) = d**2 - 7. Suppose -5*o = 3*v - 36 + 2, -o = -5*v + 10. Let l = -11 + v. Let y be 4/l - (-3)/6. Calculate b(y).
-7
Let u(a) = 14*a + 72. Let x(b) = -9*b - 49. Let h(q) = -5*u(q) - 7*x(q). Determine h(-2).
-3
Let f(m) = 11*m**2 + m. Let d be f(-1). Suppose 2*c + 2*a = -3*a + 14, -2*c - 3*a = -d. Let o(i) = -1 - 6*i**2 + 7*i**2 - 1 + 3*i + 0*i**c. Give o(-3).
-2
Let g = 1151 + -1143. Let d(w) = w**3 - 7*w**2 - 10*w - 5. Calculate d(g).
-21
Let x(v) = -v**3 + 6*v**2 - 5*v + 3. Let m be (-34)/4 + 7/14. Let c be m/(-3)*(-27)/6. Let n be (-40)/c*(-9)/(-6). Calculate x(n).
3
Suppose -14 = -3*l - 2*a, 4*l = -2*a - a + 19. Suppose 3*g - l*w = -9, 2*w = 2*g - 5*g - 27. Let h = g + 13. Let i(j) = j**2 - 4*j - 8. Calculate i(h).
4
Let z(m) = -6*m + 70. Suppose 0 = 5*t - 3*k - 72, -32 = 9*t - 12*t - k. What is z(t)?
-2
Let y(s) = 558 - s**3 - 284 + 0*s - 5*s + 6*s**2 - 278 + 0*s**3. What is y(5)?
-4
Let s(z) = z**2 + 4*z - 6. Suppose 190 = -34*n + 20. Determine s(n).
-1
Let n(b) = -b**2 - b + 3. Let d be (12 + (-110)/11)/(-1). Give n(d).
1
Let u(w) = -3*w + 6*w + 3 - 5*w**2 - w**2 + 7*w**2. Suppose -8*m = -4*m + 8. What is u(m)?
1
Let d(a) be the third derivative of -a**4/8 - a**3/3 - a**2. Let z be d(-2). Let s be (-7)/14 + (-22)/z. Let p(k) = -k. Determine p(s).
6
Let t(j) be the third derivative of -j**4/2 + j**3/2 - 278*j**2. Determine t(-1).
15
Suppose 5*m - 2*i = 2*i + 16, 4*i = 4*m - 16. Let b(n) = n + 18. Determine b(m).
18
Let i be (-3 - (-28)/8) + 45/2. Suppose 0 = 4*f + 3*j - i, -4*f + 5*j - 5 = 12. Let w(s) = -s**2 + 7*s**2 - 2 - s - 4*s**2. What is w(f)?
4
Suppose 6*q = 2*q - 4*r - 32, -2*q - 5*r - 31 = 0. Let s(f) be the first derivative of f**3/3 + 5*f**2/2 + 2*f - 45. What is s(q)?
-4
Suppose 4*b + 6 = 5*o - 3*o, 2*b + 1 = 3*o. Let a be (0 + b)*33/(-22). Suppose a*r + 3*j = -